{"id":481,"date":"2017-02-23T11:24:22","date_gmt":"2017-02-23T10:24:22","guid":{"rendered":"http:\/\/martillopis.blogs.upv.es\/?page_id=481"},"modified":"2025-11-22T10:49:56","modified_gmt":"2025-11-22T10:49:56","slug":"curriculo","status":"publish","type":"page","link":"https:\/\/martillopis.es\/?page_id=481","title":{"rendered":"Curr\u00edculo"},"content":{"rendered":"<h1>\u00a0<\/h1>\n<h1>\u00a0<\/h1>\n<p><strong>Mart\u00edllopis<\/strong>,\u00a0\u00a0<\/p>\n<p><strong>\u00a0<\/strong><\/p>\n<p><strong>FORMACI\u00d3N ACAD\u00c9MICA.<\/strong><\/p>\n<p><strong>2023-25<\/strong>. Doctorando en el programa de arte: documentaci\u00f3n e investigaci\u00f3n\u00a0<\/p>\n<p><strong>2021.<\/strong> M\u00e1ster de Producci\u00f3n art\u00edstica. UPV<\/p>\n<p><strong>2019 \u00b7<\/strong> <strong>G<\/strong>rado en la facultad de BBAA en la Universitat Polit\u00e8cnica de Val\u00e8ncia<strong>.<\/strong><\/p>\n<p>\u00a0<\/p>\n<p><strong>ACTIVIDADES PROFESIONALES DE GESTI\u00d3N ART\u00cdSTICA: COMISARIADO Y PUBLICACION<\/strong><\/p>\n<p><strong>\u00a0<\/strong><\/p>\n<p><strong>COMISARIADO ART\u00cdSTICO<\/strong><\/p>\n<p><img decoding=\"async\" loading=\"lazy\" class=\"size-large wp-image-4607\" src=\"https:\/\/martillopis.es\/wp-content\/uploads\/2023\/05\/cartel-plastica_red-683x1024.jpg\" alt=\"\" width=\"525\" height=\"787\" srcset=\"https:\/\/martillopis.es\/wp-content\/uploads\/2023\/05\/cartel-plastica_red-683x1024.jpg 683w, https:\/\/martillopis.es\/wp-content\/uploads\/2023\/05\/cartel-plastica_red-200x300.jpg 200w, https:\/\/martillopis.es\/wp-content\/uploads\/2023\/05\/cartel-plastica_red-768x1152.jpg 768w, https:\/\/martillopis.es\/wp-content\/uploads\/2023\/05\/cartel-plastica_red-1024x1536.jpg 1024w, https:\/\/martillopis.es\/wp-content\/uploads\/2023\/05\/cartel-plastica_red-1366x2048.jpg 1366w, https:\/\/martillopis.es\/wp-content\/uploads\/2023\/05\/cartel-plastica_red.jpg 1417w\" sizes=\"(max-width: 525px) 100vw, 525px\" \/><\/p>\n<p><strong>2025. Comisariado art\u00edstico:<\/strong> <strong>ON EST\u00c0 L\u2019HACA-resolution. <\/strong>Casa Cultura Jos\u00e9 Peris Arag\u00f3. Alboraia<strong>\u00a0<\/strong><\/p>\n<p><strong>2024. Comisariado art\u00edstico:<\/strong> <strong>Resignificaci\u00f3 i Persist\u00e8ncia<\/strong>. Rafelbunyol-Val\u00e8ncia<\/p>\n<p><strong>Comisariado art\u00edstico:<\/strong> <strong>ON EST\u00c0 L\u2019HACA.\u00a0 <\/strong>Casa Cuesa- X\u00e0tiva2023<strong>Comisariado art\u00edstico: ASTRON\u00d2MIC.\u00a0 Major 54, Albuixech.<\/strong><\/p>\n<p><strong>2023. Comisariato art\u00edstico: <\/strong>Exposici\u00f3n colectiva, <strong><em>DESUBICADAS_Rafelbunyol_11 de mayo.\u00a0 <\/em><\/strong>Casa Cultura Rafelbunyol. VLC<\/p>\n<p><strong>Comisariato art\u00edstico: <\/strong>Exposici\u00f3n colectiva, <strong><em>#accionplastica. <\/em><\/strong>Casa Cultura Jos\u00e9 Peris Arag\u00f3_Alborai. VLC<\/p>\n<p><strong> Comisariato art\u00edstico: <\/strong>Exposici\u00f3n colectiva, <strong><em>EL GRITO Contado. <\/em><\/strong>Fundaci\u00f3n Schlotter _ Altea.<\/p>\n<p><strong>2021.<\/strong> <strong>Comisariato\u00a0art\u00edstico: <\/strong>Exposici\u00f3n colectiva<strong>, <em>EL GRITO Sublime. <\/em><\/strong>Casa Cultura Alboraya y Facultad de Bellas Artes de Teruel.\u00a0<\/p>\n<p><strong>Comisariato\u00a0art\u00edstico<\/strong>: Exposici\u00f3n colectiva <strong>RE-PASSA<\/strong>. \u00a0El grupo Lapassa. Ajuntament Vell, B\u00e9tera. Val\u00e8ncia.<\/p>\n<p><strong>2019-20.\u00a0Comisariato\u00a0art\u00edstico:\u00a0<\/strong>exposici\u00f3n colectiva<strong>, <em>EL GRITO. <\/em><\/strong>Casa Cultura Alboraya y Facultad de Bellas Artes de Teruel.\u00a0<\/p>\n<p><strong>2019 \u00b7 \u00a0\u00a0Comisariado art\u00edstico:<\/strong> ANTES DE AYER\u00a0de Irene Covaleda &amp; colectiva. Ajuntament Vell, B\u00e9tera. Val\u00e8ncia.<\/p>\n<p><strong>Comisariado art\u00edstico: <\/strong>exposici\u00f3n colectiva<strong>, <em>SIN T\u00cdTULO<\/em>. <\/strong>Coordinado por Teresa Ch\u00e1fer. Casa Cultura Jos\u00e9 Peris Arag\u00f3, Alboraia.<\/p>\n<p><strong>Coodinador art\u00edstico: <\/strong>exposici\u00f3n colectiva, <em>MERCAT TACREM<\/em><strong>,\u00a0 <\/strong>comisariado por Chiara Carzan, Anna Lombardo, Hela Blankenstein y supervisado por Teresa Ch\u00e1fer.<\/p>\n<p><strong>Comisariado art\u00edstico:<\/strong> <em>VER MIRAR OBSERVAR<\/em> de <strong>Isabel Folgado<\/strong>, Biblioteca Benicalap, Val\u00e8ncia<\/p>\n<p><strong>Comisariado art\u00edstico:<\/strong>\u00a0 <em>SON LAS HUELLAS DEL CAMINAR II<\/em> de <strong>Kita Pardo<\/strong>, Cortes de Pall\u00e1s.<\/p>\n<p><strong>\u00a0Comisariado art\u00edstico:<\/strong> <em>CAMINAR ARTE Y NATURALEZA<\/em> de <strong>Kita Pardo<\/strong>, Biblioteca Joannot Martorell, Val\u00e8ncia,<\/p>\n<p><strong>2018 \u00b7 \u00a0 Comisariado art\u00edstico:<\/strong> exposici\u00f3n colectiva, <em>EMBALATGE<\/em> coordinado por Teresa Ch\u00e1fer.\u00a0Casa Cultura Rafelbunyol<\/p>\n<p><strong>Comisariado art\u00edstico<\/strong>: <em>DISMETRIA<\/em> del artista <strong>Nano Pia<\/strong>, en Ca revolta, Valencia.<\/p>\n<p><strong>Comisariado art\u00edstico<\/strong>: <em>ANALEPSIS PERTURBADA\u00a0<\/em>de la artista <strong>Tania Ansio,<\/strong> Casa Cultura \u00a0Rafelbunyol.<\/p>\n<p><strong>Comisariado art\u00edstico<\/strong>: <em>PACKAGE<\/em> de<strong> In\u00e9s Rega\u00f1a<\/strong>, en \u00abAdjuntamente vell de B\u00e9tera.<\/p>\n<p><strong>Comisariado art\u00edstico<\/strong>: <em>APOROFOBIA<\/em> de<strong> Isabel Folgado<\/strong>. Biblioteca Sant marcel.li-\u00a0LA\u00a0 RAMBLETA, Val\u00e8ncia.<\/p>\n<p><strong>2015-18 \u00b7 <\/strong>Coordinador y cofundador del grupo <strong>LAPASSA<\/strong>, perteneciente a \u00abGeneraci\u00f3n Espont\u00e1nea\u00bb de la UPV.<\/p>\n<p>\u00a0<\/p>\n<p><strong>PUBLICACIONES.<\/strong><\/p>\n<p><strong>2023.<\/strong> CAT\u00c1LOGO DESUBICADAS.\u00a0 <em>Rafelbunyol 11 de mayo<\/em>. Ediciones LAPASSA.\u00a0\u00a0<\/p>\n<p>\u00a0CAT\u00c1LOGO EL GRITO CONTADO.\u00a0 <em>El que va passar<\/em>. Ediciones LAPASSA.\u00a0\u00a0<\/p>\n<p><strong>2022.<\/strong> CAT\u00c1LOGO EL GRITO SUBLIME.\u00a0 <em>As\u00ed empez\u00f3 todo<\/em>. Ediciones LAPASSA.\u00a0\u00a0<\/p>\n<p><strong>2021.<\/strong> CAT\u00c1LOGO EL GRITO. Cap\u00edtuloII. <em>El paisaje encontrado<\/em>. Ediciones LAPASSA.\u00a0\u00a0<\/p>\n<p><strong>2019<\/strong> \u00b7 <em>UNTITLED \u00b7<\/em>\u00a0VVAA. <em>La creatividad inacabada<\/em>. Revista Sonda. Investigaci\u00f3n en Artes y Letras, n\u00ba 8, pp. 139-150.<\/p>\n<p>CAT\u00c1LOGO SIN T\u00cdTULO. <em>Prologo y ep\u00edlogo.<\/em> Ediciones LAPASSA.\u00a0<\/p>\n<p><strong><em>2016 \u00b7<\/em><\/strong><em>\u00a0INNATO<\/em>. VVAA \u00b7\u00a0<em>GR\u00c1FICA ESTRUCTURAL :<\/em>\u00a0Grupo diario editorial, Valencia. <em>Pag.36\/7.2016<\/em><\/p>\n<p><strong>2014 \u00b7\u00a0<\/strong> <em>EN S\u00c8RIE DE PAPER \u00b7<\/em>\u00a0Cat\u00e1logo. VVAA. Autoedici\u00f3n. Valencia.<\/p>\n<p><strong>2004\/5 \u00b7<\/strong> Columnista. <em>ATENEAGLAM \u00b7<\/em>\u00a0Revista cultural. Ed. Lagartija inquieta. Valencia.<\/p>\n<p><strong>\u00a0<\/strong><\/p>\n<p><strong>EXPOSICIONES INDIVIDUALES.<\/strong><\/p>\n<p><strong><img decoding=\"async\" loading=\"lazy\" class=\"alignnone size-large wp-image-4267\" src=\"https:\/\/martillopis.es\/wp-content\/uploads\/2019\/10\/1-elegioda-de-paco.-min-1024x683.jpg\" alt=\"\" width=\"1024\" height=\"683\" srcset=\"https:\/\/martillopis.es\/wp-content\/uploads\/2019\/10\/1-elegioda-de-paco.-min-1024x683.jpg 1024w, https:\/\/martillopis.es\/wp-content\/uploads\/2019\/10\/1-elegioda-de-paco.-min-300x200.jpg 300w, https:\/\/martillopis.es\/wp-content\/uploads\/2019\/10\/1-elegioda-de-paco.-min-768x512.jpg 768w\" sizes=\"(max-width: 706px) 89vw, (max-width: 767px) 82vw, 740px\" \/><\/strong><\/p>\n<p>\u00a0<\/p>\n<p><strong>2019 \u00b7 \u00a0 <\/strong><em>ESCROLLAGE \u00b7<\/em>\u00a0Pl\u00e1stica. Casa Cultura Rafelbunyol. Val\u00e8ncia<\/p>\n<p><strong>2018 \u00b7 \u00a0<\/strong> <em>DRET A L\u2019HABITAGE<\/em>. Performace. Sporting Club Russafa. Val\u00e8ncia.<\/p>\n<p><em>PETJADES \u00b7<\/em> Performance. \u00a0Fundaci\u00f3n Caixa Castell\u00f3. Castell\u00f3<\/p>\n<p><em>PODOSEMIA ENVOLVENTE<\/em> \u00b7 Pl\u00e1stica. Adjuntamente Vell. B\u00e9tera. Vlc.<\/p>\n<p><em>ENCAIXANT \u00b7<\/em>\u00a0Performance. Auditori Alfons Roig. UPV<\/p>\n<p><em>EMBALATGE<\/em> \u00b7 Performance. C.C. Rafelbunyol.<\/p>\n<p><strong>2017 \u00b7 \u00a0<\/strong> <em>BRINDING \u00b7<\/em>\u00a0Performance. Centro de Arte Reina Sofia. Madrid.<\/p>\n<p><strong>2015<\/strong> \u00b7\u00a0\u00a0 <em>LIVE IN YOU \u00b7\u00a0<\/em>Pl\u00e1stica. Espacio 40. Russafa_Valencia.<\/p>\n<p><strong>2012<em> \u00b7\u00a0<\/em><\/strong><em> MATERIA PRIMERA<\/em>. Pl\u00e1stica. MCP de Benimaclet_Valencia.<\/p>\n<p><strong>\u00a0<\/strong><\/p>\n<p><strong>EXPOSICIONES COLECTIVAS.<\/strong><\/p>\n<h1><strong><img decoding=\"async\" loading=\"lazy\" class=\"alignnone size-large wp-image-4340\" src=\"https:\/\/martillopis.es\/wp-content\/uploads\/2019\/10\/22-1024x976.jpg\" alt=\"comisariado con Irene Covaleda\" width=\"1024\" height=\"976\" srcset=\"https:\/\/martillopis.es\/wp-content\/uploads\/2019\/10\/22-1024x976.jpg 1024w, https:\/\/martillopis.es\/wp-content\/uploads\/2019\/10\/22-300x286.jpg 300w, https:\/\/martillopis.es\/wp-content\/uploads\/2019\/10\/22-768x732.jpg 768w, https:\/\/martillopis.es\/wp-content\/uploads\/2019\/10\/22.jpg 1429w\" sizes=\"(max-width: 706px) 89vw, (max-width: 767px) 82vw, 740px\" \/><\/strong><\/h1>\n<p><strong>\u00a0<\/strong><\/p>\n<p><strong>Internacionales<\/strong><\/p>\n<p><strong>2017 \u00b7<\/strong>\u00a0 \u00a0<em>XXIV PUNTO DE ENCUENTRO<\/em> \u00b7 30 aniversario de la AMEE. \u00a0Festival Internacional de Arte Sonoro y M\u00fasica Electroac\u00fastica. SGAE. Valencia<\/p>\n<p><em>MUJERES EN EL ARTE, RESONANCIAS EN ACCION<\/em> \u00b7 Centro cultural M\u00e9xico contemporaneo. Ciudad de M\u00e9xico. M\u00e9xico.<\/p>\n<p><strong>Nacionales<\/strong>.<\/p>\n<ol start=\"2019\">\n<li><strong> \u00a0 <\/strong><em>PAISATGE PERDUT<\/em> \u00b7 BIENNAL CIUTAT BELLA OBERTA. CCCC \u2013 Museu de la Ciutat, Val\u00e8ncia.<\/li>\n<\/ol>\n<p><em>En ruta CV 13<\/em>\u00b7 Sala 30 \u00b7 Museo de arte contempor\u00e1neo, Vilafam\u00e9s\u00b7 MACVAC. Aeroroport Castell\u00f3\u00a0<\/p>\n<p><em>\u00a0PETJADES<\/em>. IV jornadas de Performance Fundacio Caixa Castell\u00f3. Castell\u00f3n<\/p>\n<p><strong>2018 \u00b7 \u00a0 <\/strong><em>REFUGIARTE<\/em>. CCCC \u2013 Centre del Carme Cultura Contempor\u00e0nia. Val\u00e8ncia.<\/p>\n<p><em>MEDIAPOLITIK 2<\/em> \u00b7 Galeria STANDARD, Val\u00e8ncia. Comisaria Mau Monle\u00f3n y Eva Ib\u00e1\u00f1ez.<\/p>\n<p><strong>\u00a0<\/strong><em>L\u2019ILLA D\u2019AIGUA<\/em> \u00b7 Albalat de la Rivera. Comisaria Rebeca Plana y\u00a0\u00a0 Teresa \u00a0Ch\u00e0fer.<\/p>\n<p><em>PARAISOS FISCALE<\/em>S \u00b7 Hall Solidari, Universidad Polit\u00e9cnica de Val\u00e8ncia. Comisaria Mau Monle\u00f3n.<\/p>\n<p><em>EMBALATGE<\/em> \u00b7 Casa Cultura Rafelbunyol. Comisarios Teresa Chafer y Mart\u00edllopis.<\/p>\n<p><strong>2017 \u00b7<em> \u00a0 <\/em><\/strong><em>CORDURA<\/em> \u00b7 Performance. 3\u00aa Bienal Ciutat Vella Oberta, Val\u00e8ncia.<\/p>\n<p><em>ALIENADOS<\/em> \u00b7 Taller de Fuencisla Franc\u00e9s, Val\u00e8ncia.<\/p>\n<p><em>POEMA<\/em> \u00b7 Estudio de Bartolom\u00e9 Ferrando. Val\u00e8ncia.<\/p>\n<p><em>PON UN POBRE EN TU MESA<\/em> \u00b7 Festival intramurs. Val\u00e8ncia.<\/p>\n<p><em>MALETAS<\/em> \u00b7 Barrio el Carme, Val\u00e8ncia. \u00a0Dirigido por Pepe Romero y Elia Torrecilla.<\/p>\n<p><em>CAMIFONIA<\/em> \u00b7 Calles de Riba-roja de Turia.<\/p>\n<p><em>TIC TIC PLAS PLAS<\/em> \u00b7 ECA, Espai D\u2019Art \u00a0Contemperani \u00abEl Castell\u00bb, Riba-roja.<\/p>\n<p><em>L\u2019ORIGEN<\/em> \u00b7 46 Fira Internaional IBERFLORA. Paterna. Vlc<\/p>\n<p><em>RESFUGIT<\/em> \u00b7<strong>\u00a0<\/strong>Centre del Carmen. Happening. FestIval Refugiarte-Val\u00e8ncia.<\/p>\n<p><em>PETJADES<\/em> \u00b7 Dia Alumni. UPV. Valencia<\/p>\n<p><em>A-DOREM EL FEM<\/em> \u00b7 Dia alumni. UPV. Valencia.<\/p>\n<p><em>NO ET QUEDES FORA<\/em> \u00b7 Happening en A LES BALCONADES. Russafa, Vlc.<\/p>\n<p><em>A LES BALCONADES<\/em> \u00b7 Russafa , Valencia<\/p>\n<p><em>TERRA ERMA<\/em> \u00b7 Festival Vesos. Las naves , Valencia<\/p>\n<p><em>SURCOS<\/em> \u00b7 Casa Cultura Quart de Poblet, Valencia<\/p>\n<p><em>Des-TIERRA<\/em> \u00b7 Obrint Balcons, Russafa. Valencia.<\/p>\n<p><em>PROYECTO \u00a0ConCienciArte<\/em> \u00b7 Ateneo Mercantil. Valencia<\/p>\n<p><em>FEM\u00a0EXPOSICION \u00b7<\/em>\u00a0ETSA. Escola superior de arquitectura. UPV. Valencia<\/p>\n<p><em>REFUGIARTE \u00b7\u00a0<\/em>Centre del Carme, Valencia<\/p>\n<p><strong>\u00a0<\/strong><\/p>\n<p><strong>2016 \u00b7<\/strong> \u00a0\u00a0 <em>TRASHFITTI \u00b7<\/em> Las Naves, Valencia.<\/p>\n<p><em>BOSQUEARTE \u00b7 <\/em>Ajuntament vell , \u00a0B\u00e9tera.<\/p>\n<p><em>HORTA RCORD \u00b7 <\/em>Casa Cultura Jos\u00e9 Per\u00eds Arag\u00f3, Alboraia.<\/p>\n<p><em>PLA\u00d1IDERAS<\/em>\u00a0\u00b7 Sporting Club Russafa, Valencia.<\/p>\n<p><em>GR\u00c1FICA ESTRUCTURAL<\/em>\u00a0\u00b7 Casa cultura Jos\u00e9 Per\u00eds Arag\u00f3. Alboraia.<\/p>\n<p><em>\u00a02\u00aa MOSTRA INTERNACIONA D\u2019ART COMPROM\u00c9S \u00b7<\/em>\u00a0Palau comtal de Cocentaina. Alicante.<\/p>\n<p><em>FIRA D\u2019ART \u00b7<\/em>\u00a0Sporting Club Russafa. Valencia.<\/p>\n<p><em>GRAFICA ESTRUCTURAL \u00b7<\/em>\u00a0Sala exposiciones de la Facultad de Ciencias sociales. Valencia.<\/p>\n<p><strong>2015 \u00b7<\/strong> \u00a0\u00a0 <em>ATREVIDA PERFOR<\/em>MANCE \u00b7 Espacio 40 de Russafa. Valencia.<\/p>\n<p><em>FOODTRES FOTRE\u2019S \u00b7 <\/em>Festival Intramurs. Mercat Mossen Sorrell del barrio del \u00a0 Carme. Valencia<\/p>\n<p><em>D\u00c8TOURNEMEN<\/em>T \u00b7 CDICV \u00b7 Las Naves, Valencia.<\/p>\n<p>V<em>IVENCIAS RADICALES \u00b7<\/em> Sporting Club Russafa, Valencia.<\/p>\n<p><em>DESAYUNO CON DIA<\/em>MANTES \u00b7 Sporting Club Russafa. Centenario D<\/p>\n<p><em>FOODTRE<\/em>S FOTRE\u2019S. Mercat Mossen Sorell. Valencia.<\/p>\n<p>DESEMBRE PINTA B\u00c9. \u00a0Sporting Club Russafa. Valencia.<\/p>\n<p><em>1\u00aa MOSTRA INTERNACIONA D\u2019ART COMPROM\u00c9S.<\/em> Palau comtal de Cocentaina. Alicante<\/p>\n<p><strong>2014 \u00b7<\/strong> \u00a0\u00a0 <em>EN SERIE DE PAPER<\/em>. Casa de cultura de Rafelbunyol.<\/p>\n<p><strong>\u00a0<\/strong><\/p>\n<p><strong>\u00a0ILUSTRACIONES.<\/strong><\/p>\n<p><strong>\u00a02012 \u00b7<\/strong> <em>PLEXISON IMPERMEABLE \u00b7<\/em>\u00a0 Pep Laguarda &amp; the Reisons. Cd. \u00a0Artwork, VVAA. Maquetaci\u00f3n MACDIEGO. Dismedi. Barcelona<\/p>\n<p><strong>2010 \u00b7<\/strong> <em>BASCU\u00d1AN \u00d1AN \u00d1AM \u00b7\u00a0<\/em>VVAA. Ed. Trashumantes. Valencia. 2010. Maquetaci\u00f3n MACDIEGO. Pag. 154.<\/p>\n<p><strong>M\u00daSICA. <\/strong><\/p>\n<p><strong>2007 \u00b7\u00a0<\/strong><em>\u00c1NIMA MALE\u00cfDA \u00b7<\/em>\u00a0CD. M\u00fasica y letra Mart\u00edllopis, Direcci\u00f3n J. S. Chapi. Estudio Grabaci\u00f3n: Milenia, Valencia.<\/p>\n<p><strong>FORMACI\u00d3N COMPLEMENTARIA.<\/strong><\/p>\n<p><strong>2018 \u00b7\u00a0 <\/strong>Taller de Materiales, T\u00e9cnias y Po\u00e9tica. Facultat de BBAA de la UPV, Val\u00e8ncia. Por R. Calduch.<\/p>\n<p><strong>2017 \u00b7\u00a0<\/strong>\u00a0T<em>ALLER DE ACCI\u00d3N S\u00d3NICA<\/em> por Sonia Meg\u00edas. \u00bb Facultad de BBAA. UPV.<\/p>\n<p>Taller de Materiales, T\u00e9cnicas y Po\u00e9tica. Facultat de BBAA de la UPV, Val\u00e8ncia. Por R. Calduch.<\/p>\n<p>Taller de microfon\u00eda. Benimaclet. Por Edu Comelles.<\/p>\n<p>Taller de electr\u00f3nica. Sala Pluton, Valencia. Por Mateo Mena.<\/p>\n<p><strong>2013 \u00b7<\/strong> Taller de serigraf\u00eda impartido por Jonay Cogollos y Mar Hern\u00e1ndez en la Facultat de BBAA de Valencia.<\/p>\n<p>Taller de fotograbado\u00a0 impartido por Juan Lara en el estudio de la 64, Valencia.<\/p>\n<p>Taller de grabado a la punta seca y az\u00facar impartido por Eva Mengual en el estudio de la 64, Valencia.<\/p>\n<p>Taller de monotipos impartido por Seve Subir\u00f3s en el estudio de la 64 Valencia.<\/p>\n<p><strong>2012 \u00b7<\/strong> Taller de Pintura impartido por Josep LLopis en la casa de cultura de Rafelbunyol.<\/p>\n<p>Taller de grabado impartido por Gregori Valero en el estudio Q de Quadres, Massamagrell.<\/p>\n<p><strong>\u00a0<\/strong><\/p>\n<p><strong>PREMIOS.<\/strong><\/p>\n<p><strong>2019 \u00b7<\/strong>\u00a0 Seleccionado Biennal Pintura Meliana. Val\u00e8ncia<\/p>\n<p><strong>2018 \u00b7\u00a0 <\/strong>Menci\u00f3n de honor Bienal de Paterna.Val\u00e8ncia<\/p>\n<p>Seleccionado concurso de pintura Vila de Pu\u00e7ol,Val\u00e8ncia.<\/p>\n<p><strong>2017 \u00b7\u00a0 <\/strong>Menci\u00f3n de honor 3\u00aa bienal Ciutat Vella Oberta. Val\u00e8ncia.<\/p>\n<p>Seleccionado en el XIV premio \u00a0Milagros Mir de pintura de Catarrosa. Val\u00e8ncia.<\/p>\n<p><strong>2014 \u00b7\u00a0<\/strong> Seleccionado en el VII Premio Internacional de Grabado y Vino Fundaci\u00f3n Vivanco. Logro\u00f1o.<\/p>\n<p><strong>2013 \u00b7\u00a0<\/strong> Seleccionado en VI concurso de grabado \u00a0\u201c El rinocerontre de Cristal\u201d. Madrid.<\/p>\n<p><strong>2011 \u00b7\u00a0<\/strong> Menci\u00f3n de honor en el premio de pintura libre \u201c Masia de Xamandreu\u201d. Godella, Valencia.<\/p>\n<p>\u00a0<\/p>\n<p><strong>CONGRESOS \/ SEMINARIOS<\/strong><\/p>\n<ol start=\"2019\">\n<li><strong>SEMINARIO. Cartograf\u00edas del cuerpo y el espacio urbano<\/strong>. UPV. Val\u00e8ncia.<br \/>SEMINARIO. Cuerpo Cultura y Identidad. Lavapies, Madrid.<\/li>\n<\/ol>\n<p><strong>2018 \u00b7\u00a0 IV CONGRESO INTERNACIONAL ESPACIOS SONOROS Y AUDIOVISUALES.<\/strong> \u00a0Auditorio 200, Centro de Arte reina Sof\u00eda. Madrid.<\/p>\n<p><strong>FERIAS.<\/strong><\/p>\n<p><strong>2017 \u00b7<\/strong><em> 36 \u00aa edici\u00f3n ARCO 2017<\/em> . Exposici\u00f3n colectiva Texturex. Stand L\u2019 Horta Gr\u00e1fica. Madrid.<\/p>\n<p>8\u00aa Edici\u00f3. ART LIBRIS. Fira Internacional de l\u2019Edici\u00f3 Contempor\u00e0nia. Exposici\u00f3n colectiva Texturex II. Barcelona.<\/p>\n<p>\u00a0<\/p>\n<h1><strong>\u00a0<\/strong><b><\/b><\/h1>\n<h1>\u00a0<\/h1>\n<p>\u00a0<\/p>\n<p>\u00a0<\/p>\n<p>\u00a0<\/p>\n<p>\u00a0<\/p>\n<p>\u00a0<\/p>\n<p>\u00a0<\/p>\n<p>\u00a0<\/p>\n\n\n<p><\/p>\n\n\n\n<p><\/p>\n\n\n\n<p><\/p>\n\n\n\n<p><\/p>\n\n\n\n<p><\/p>\n\n\n\n<p><\/p>\n\n\n\n<p><\/p>\n","protected":false},"excerpt":{"rendered":"<p>\u00a0 \u00a0 Mart\u00edllopis,\u00a0\u00a0 \u00a0 FORMACI\u00d3N ACAD\u00c9MICA. 2023-25. Doctorando en el programa de arte: documentaci\u00f3n e investigaci\u00f3n\u00a0 2021. M\u00e1ster de Producci\u00f3n art\u00edstica. UPV 2019 \u00b7 Grado en la facultad de BBAA en la Universitat Polit\u00e8cnica de Val\u00e8ncia. \u00a0 ACTIVIDADES PROFESIONALES DE GESTI\u00d3N ART\u00cdSTICA: COMISARIADO Y PUBLICACION \u00a0 COMISARIADO ART\u00cdSTICO 2025. Comisariado art\u00edstico: ON EST\u00c0 L\u2019HACA-resolution. Casa &hellip; <\/p>\n<p class=\"link-more\"><a href=\"https:\/\/martillopis.es\/?page_id=481\" class=\"more-link\">Continuar leyendo<span class=\"screen-reader-text\"> \u00abCurr\u00edculo\u00bb<\/span><\/a><\/p>\n","protected":false},"author":1,"featured_media":4530,"parent":0,"menu_order":0,"comment_status":"closed","ping_status":"closed","template":"","meta":[],"_links":{"self":[{"href":"https:\/\/martillopis.es\/index.php?rest_route=\/wp\/v2\/pages\/481"}],"collection":[{"href":"https:\/\/martillopis.es\/index.php?rest_route=\/wp\/v2\/pages"}],"about":[{"href":"https:\/\/martillopis.es\/index.php?rest_route=\/wp\/v2\/types\/page"}],"author":[{"embeddable":true,"href":"https:\/\/martillopis.es\/index.php?rest_route=\/wp\/v2\/users\/1"}],"replies":[{"embeddable":true,"href":"https:\/\/martillopis.es\/index.php?rest_route=%2Fwp%2Fv2%2Fcomments&post=481"}],"version-history":[{"count":41,"href":"https:\/\/martillopis.es\/index.php?rest_route=\/wp\/v2\/pages\/481\/revisions"}],"predecessor-version":[{"id":5291,"href":"https:\/\/martillopis.es\/index.php?rest_route=\/wp\/v2\/pages\/481\/revisions\/5291"}],"wp:featuredmedia":[{"embeddable":true,"href":"https:\/\/martillopis.es\/index.php?rest_route=\/wp\/v2\/media\/4530"}],"wp:attachment":[{"href":"https:\/\/martillopis.es\/index.php?rest_route=%2Fwp%2Fv2%2Fmedia&parent=481"}],"curies":[{"name":"wp","href":"https:\/\/api.w.org\/{rel}","templated":true}]}}