{"id":468,"date":"2017-02-23T11:00:41","date_gmt":"2017-02-23T10:00:41","guid":{"rendered":"http:\/\/martillopis.blogs.upv.es\/?page_id=468"},"modified":"2024-02-07T19:14:58","modified_gmt":"2024-02-07T19:14:58","slug":"bio","status":"publish","type":"page","link":"https:\/\/martillopis.es\/?page_id=468","title":{"rendered":"Bio"},"content":{"rendered":"<figure id=\"attachment_4267\" aria-describedby=\"caption-attachment-4267\" style=\"width: 1024px\" class=\"wp-caption aligncenter\"><img decoding=\"async\" loading=\"lazy\" class=\"wp-image-4267 size-large\" title=\"Experiencias vividas\" src=\"https:\/\/martillopis.es\/wp-content\/uploads\/2019\/10\/1-elegioda-de-paco.-min-1024x683.jpg\" alt=\"El arte es vida. Vivir la vida. Poner todo el empe\u00f1o en vivir la vida. En clara referencia a Marcel Duchamp, Josep Beuys e Isidoro Valc\u00e1rel entrte otros.\" width=\"1024\" height=\"683\" srcset=\"https:\/\/martillopis.es\/wp-content\/uploads\/2019\/10\/1-elegioda-de-paco.-min-1024x683.jpg 1024w, https:\/\/martillopis.es\/wp-content\/uploads\/2019\/10\/1-elegioda-de-paco.-min-300x200.jpg 300w, https:\/\/martillopis.es\/wp-content\/uploads\/2019\/10\/1-elegioda-de-paco.-min-768x512.jpg 768w\" sizes=\"(max-width: 706px) 89vw, (max-width: 767px) 82vw, 740px\" \/><figcaption id=\"caption-attachment-4267\" class=\"wp-caption-text\">Convivir con la experiencia. Convivir con el d\u00eda a d\u00eda, convivir con el arte.<\/figcaption><\/figure>\n<p><span style=\"font-size: inherit;\">Mart\u00edllopis<\/span><\/p>\n<p>Isabel Mart\u00ed Clara y Juan Luis llopis Salvador.<\/p>\n<p>El inter\u00e9s por el arte, sus periferias y el rastro que este deja en la sociedad es lo que mueve a este equipo para conformar su proyecto.<\/p>\n<p>El trabajo art\u00edstico de Mart\u00edllopis discurre a lo largo de los a\u00f1os\u00a0 en diferentes etapas. Si bien la pintura fue la pionera y todav\u00eda conviven con ella, el reciclaje y la costura forman parte de su elenco art\u00edstico.<\/p>\n<p>En sus pintura, sus texturas invitan al tacto, proponen sabores ,olores y nos trasportan un poco m\u00e1s all\u00e1. Con el reciclaje de telas manchadas de hogar exploran realidades interiores; espacios y tiempos vividos con los suyos; risas y lagrimas de recuerdos propios, \u00edntimos, realidades compartidas con el otro. Realidades que una vez cosidas una junto a otra se liberalizan, enviudan, quedan hu\u00e9rfanas de amo y se\u00f1or para construir un \u201cnosotros\u201d. Las experiencias se universalizan. Se solidarizan.<\/p>\n<p>En su quehacer diario, restauran muebles y piezas de anta\u00f1o para construir su morada y dotarlo de piezas de ahora y de siempre.<\/p>\n<p>\u00a0En la actualidad, adem\u00e1s, se han interesado por el comisariado art\u00edstico donde han proyectado varias exposiciones colectivas con alumnos de grado, master, doctorandos, profesores docentes y artistas externos al \u00e1mbito universitario, donde lo emergente, lo consolidado y lo externo forman la base de el elenco apostando entre otros por lo conceptual y por lo objetual, sabedor de que este, no es s\u00f3lo una cosa ready-made sino tambi\u00e9n el sujeto, sus luchas, sus inquietudes, maridando uno y otro a fin de crear relaciones, nuevas relaciones que reflejen en cierta medida la riqueza del arte y sus diferentes miradas y lecturas que ellas provocan.<\/p>\n<p>En lps \u00faltimos a\u00f1os han desarrollado el proyecto EL GRITO, habi\u00e9ndolo materializado en Alboraia, Teruel y Altea. Su proxima aventura colectiva se llama EL ABRAZO, una prolongaci\u00f3n necesaria de EL GRITO.<\/p>\n<p><img decoding=\"async\" loading=\"lazy\" class=\"alignnone size-full wp-image-4868\" src=\"https:\/\/martillopis.es\/wp-content\/uploads\/2024\/02\/Fuera-dde-horario.2023-scaled.jpg\" alt=\"\" width=\"1706\" height=\"2560\" srcset=\"https:\/\/martillopis.es\/wp-content\/uploads\/2024\/02\/Fuera-dde-horario.2023-scaled.jpg 1706w, https:\/\/martillopis.es\/wp-content\/uploads\/2024\/02\/Fuera-dde-horario.2023-200x300.jpg 200w, https:\/\/martillopis.es\/wp-content\/uploads\/2024\/02\/Fuera-dde-horario.2023-683x1024.jpg 683w, https:\/\/martillopis.es\/wp-content\/uploads\/2024\/02\/Fuera-dde-horario.2023-768x1152.jpg 768w, https:\/\/martillopis.es\/wp-content\/uploads\/2024\/02\/Fuera-dde-horario.2023-1024x1536.jpg 1024w, https:\/\/martillopis.es\/wp-content\/uploads\/2024\/02\/Fuera-dde-horario.2023-1365x2048.jpg 1365w\" sizes=\"(max-width: 706px) 89vw, (max-width: 767px) 82vw, 740px\" \/><\/p>\n<p>\u00a0<\/p>\n\n\n<p><\/p>\n","protected":false},"excerpt":{"rendered":"<p>Mart\u00edllopis Isabel Mart\u00ed Clara y Juan Luis llopis Salvador. El inter\u00e9s por el arte, sus periferias y el rastro que este deja en la sociedad es lo que mueve a este equipo para conformar su proyecto. El trabajo art\u00edstico de Mart\u00edllopis discurre a lo largo de los a\u00f1os\u00a0 en diferentes etapas. Si bien la pintura &hellip; <\/p>\n<p class=\"link-more\"><a href=\"https:\/\/martillopis.es\/?page_id=468\" class=\"more-link\">Continuar leyendo<span class=\"screen-reader-text\"> \u00abBio\u00bb<\/span><\/a><\/p>\n","protected":false},"author":1,"featured_media":0,"parent":0,"menu_order":0,"comment_status":"closed","ping_status":"closed","template":"","meta":[],"_links":{"self":[{"href":"https:\/\/martillopis.es\/index.php?rest_route=\/wp\/v2\/pages\/468"}],"collection":[{"href":"https:\/\/martillopis.es\/index.php?rest_route=\/wp\/v2\/pages"}],"about":[{"href":"https:\/\/martillopis.es\/index.php?rest_route=\/wp\/v2\/types\/page"}],"author":[{"embeddable":true,"href":"https:\/\/martillopis.es\/index.php?rest_route=\/wp\/v2\/users\/1"}],"replies":[{"embeddable":true,"href":"https:\/\/martillopis.es\/index.php?rest_route=%2Fwp%2Fv2%2Fcomments&post=468"}],"version-history":[{"count":17,"href":"https:\/\/martillopis.es\/index.php?rest_route=\/wp\/v2\/pages\/468\/revisions"}],"predecessor-version":[{"id":4869,"href":"https:\/\/martillopis.es\/index.php?rest_route=\/wp\/v2\/pages\/468\/revisions\/4869"}],"wp:attachment":[{"href":"https:\/\/martillopis.es\/index.php?rest_route=%2Fwp%2Fv2%2Fmedia&parent=468"}],"curies":[{"name":"wp","href":"https:\/\/api.w.org\/{rel}","templated":true}]}}

<figure id="attachment_4267" aria-describedby="caption-attachment-4267" style="width: 1024px" class="wp-caption aligncenter"><img decoding="async" loading="lazy" class="wp-image-4267 size-large" title="Experiencias vividas" src="https://martillopis.es/wp-content/uploads/2019/10/1-elegioda-de-paco.-min-1024x683.jpg" alt="El arte es vida. Vivir la vida. Poner todo el empeño en vivir la vida. En clara referencia a Marcel Duchamp, Josep Beuys e Isidoro Valcárel entrte otros." width="1024" height="683" srcset="https://martillopis.es/wp-content/uploads/2019/10/1-elegioda-de-paco.-min-1024x683.jpg 1024w, https://martillopis.es/wp-content/uploads/2019/10/1-elegioda-de-paco.-min-300x200.jpg 300w, https://martillopis.es/wp-content/uploads/2019/10/1-elegioda-de-paco.-min-768x512.jpg 768w" sizes="(max-width: 706px) 89vw, (max-width: 767px) 82vw, 740px" /><figcaption id="caption-attachment-4267" class="wp-caption-text">Convivir con la experiencia. Convivir con el día a día, convivir con el arte.</figcaption></figure>
<p><span style="font-size: inherit;">Martíllopis</span></p>
<p>Isabel Martí Clara y Juan Luis llopis Salvador.</p>
<p>El interés por el arte, sus periferias y el rastro que este deja en la sociedad es lo que mueve a este equipo para conformar su proyecto.</p>
<p>El trabajo artístico de Martíllopis discurre a lo largo de los años  en diferentes etapas. Si bien la pintura fue la pionera y todavía conviven con ella, el reciclaje y la costura forman parte de su elenco artístico.</p>
<p>En sus pintura, sus texturas invitan al tacto, proponen sabores ,olores y nos trasportan un poco más allá. Con el reciclaje de telas manchadas de hogar exploran realidades interiores; espacios y tiempos vividos con los suyos; risas y lagrimas de recuerdos propios, íntimos, realidades compartidas con el otro. Realidades que una vez cosidas una junto a otra se liberalizan, enviudan, quedan huérfanas de amo y señor para construir un “nosotros”. Las experiencias se universalizan. Se solidarizan.</p>
<p>En su quehacer diario, restauran muebles y piezas de antaño para construir su morada y dotarlo de piezas de ahora y de siempre.</p>
<p> En la actualidad, además, se han interesado por el comisariado artístico donde han proyectado varias exposiciones colectivas con alumnos de grado, master, doctorandos, profesores docentes y artistas externos al ámbito universitario, donde lo emergente, lo consolidado y lo externo forman la base de el elenco apostando entre otros por lo conceptual y por lo objetual, sabedor de que este, no es sólo una cosa ready-made sino también el sujeto, sus luchas, sus inquietudes, maridando uno y otro a fin de crear relaciones, nuevas relaciones que reflejen en cierta medida la riqueza del arte y sus diferentes miradas y lecturas que ellas provocan.</p>
<p>En lps últimos años han desarrollado el proyecto EL GRITO, habiéndolo materializado en Alboraia, Teruel y Altea. Su proxima aventura colectiva se llama EL ABRAZO, una prolongación necesaria de EL GRITO.</p>
<p><img decoding="async" loading="lazy" class="alignnone size-full wp-image-4868" src="https://martillopis.es/wp-content/uploads/2024/02/Fuera-dde-horario.2023-scaled.jpg" alt="" width="1706" height="2560" srcset="https://martillopis.es/wp-content/uploads/2024/02/Fuera-dde-horario.2023-scaled.jpg 1706w, https://martillopis.es/wp-content/uploads/2024/02/Fuera-dde-horario.2023-200x300.jpg 200w, https://martillopis.es/wp-content/uploads/2024/02/Fuera-dde-horario.2023-683x1024.jpg 683w, https://martillopis.es/wp-content/uploads/2024/02/Fuera-dde-horario.2023-768x1152.jpg 768w, https://martillopis.es/wp-content/uploads/2024/02/Fuera-dde-horario.2023-1024x1536.jpg 1024w, https://martillopis.es/wp-content/uploads/2024/02/Fuera-dde-horario.2023-1365x2048.jpg 1365w" sizes="(max-width: 706px) 89vw, (max-width: 767px) 82vw, 740px" /></p>
<p> </p>


<p></p>

<p>Martíllopis Isabel Martí Clara y Juan Luis llopis Salvador. El interés por el arte, sus periferias y el rastro que este deja en la sociedad es lo que mueve a este equipo para conformar su proyecto. El trabajo artístico de Martíllopis discurre a lo largo de los años  en diferentes etapas. Si bien la pintura &hellip; </p>
<p class="link-more"><a href="https://martillopis.es/?page_id=468" class="more-link">Continuar leyendo<span class="screen-reader-text"> «Bio»</span></a></p>
